the second derivative of 2*y + 1/6*y**3 + 3/2*y**2 + 0. Calculate n(d).
-1
Suppose -3*s = -1 - 5. Let v(t) = 3*t + 2 + s - 4*t. Let l = 35 + -40. Calculate v(l).
9
Let x = 104 - 101. Let z(c) = -c - 1. Give z(x).
-4
Let t(n) = -11 + 5*n + 1 - 3*n - n. Determine t(6).
-4
Suppose 3*o - t = -3*t + 7, 3*o - 8 = -t. Let g(h) = -h**o - h - h - h**2 + 0*h + 3 + 4*h. What is g(-2)?
3
Let k(h) = -3*h**2 + h**3 - 83*h + h**2 + 80*h - 4. Determine k(3).
-4
Let a be 1 + (1 - 1 - -1). Let f(g) be the third derivative of 1/30*g**5 - 1/12*g**4 + 9*g**2 + 0*g - 1/6*g**3 + 0. Determine f(a).
3
Let x = 34 - 37. Let z(b) = -4*b. Give z(x).
12
Let d(g) = -3*g + 4. Let m = -7 + 5. Let w = 5 + m. Suppose -p + w + 0 = 0. Give d(p).
-5
Suppose 2*m + 1 - 11 = 0. Let r be (-4)/(-2) + m*-1. Let y(x) = 2*x + 2. Give y(r).
-4
Suppose -4*s - 35 = 2*b + b, 2*b + 5 = s. Let a(i) = -i**2 - 2*i + 3. Let l be a(-3). Let f(t) = t - 2 + 9 + l*t. Calculate f(s).
2
Let m(v) = v**3 - 4*v**2 + 3*v + 3. Let o be m(3). Let c = o + 0. Let z(p) = -p**2 + 5*p - 4. Calculate z(c).
2
Let i(d) = d**2 - 1. Let a = 3 - 1. Suppose -a*j - 2*j - 36 = 0. Let f(t) = -t - 9. Let n be f(j). Give i(n).
-1
Let j(q) = 3. Let d(u) = u. Let k(n) = -3*d(n) - j(n). Suppose 0 = t + 4 + 1. Give k(t).
12
Let f(d) be the third derivative of -d**5/60 - d**4/24 + 2*d**3/3 - d**2. Let r(h) = h**2 + 3*h + 3. Let v be r(-2). Suppose v = -2*p - 5. Give f(p).
-2
Let t(v) = -v**2 - 11*v. Let b be t(-11). Let p(n) = -n**3 + n**2 + 12. Determine p(b).
12
Let i(n) be the third derivative of n**4/12 - 3*n**2. What is i(1)?
2
Let t = -8 - -16. Suppose 1 = -5*p - 9, g - 3*p - t = 0. Let b(n) = 3*n**2 - 2*n - 2. What is b(g)?
6
Let r(q) = -6*q - 1. Suppose -k - 26 = -5*i - 5*k, -5*i = -k - 31. Let j(z) = z**3 - 5*z**2 - 5*z - 7. Let h be j(i). Give r(h).
5
Let c = -82 + 75. Let t(b) = b**2 + 7*b - 1. What is t(c)?
-1
Let v(o) = o**3 - o + 6. Let t be 18/(-5) - 16/40. Let l = 6 + t. Suppose -2*r - 5*j = -6*r - 25, 3*r - l*j = -10. Calculate v(r).
6
Let c(s) = s**3 - s**2 - 2*s + 3. Let d(h) = h - 1. Let b(p) = c(p) + 3*d(p). Let i(x) = -x + 3. Let j be i(5). Let k = 3 + j. Determine b(k).
1
Let y(c) = -c**3 + c**2 - 2*c + 1. Suppose -4*j + 6 = -10. Suppose -j*r + 3 + 26 = -5*b, -3*r + 8 = -b. Give y(r).
-1
Let i(q) be the first derivative of q**4/4 - 2*q**3 - 2*q**2 + q - 1. Give i(6).
-23
Let d = 17 - 19. Let c(w) = 3*w**2 + 2*w - 1. Calculate c(d).
7
Let u(t) = -t. Suppose -10 = 2*c - 4*a, 3*c + 1 = 4*c + a. Determine u(c).
1
Let l(b) = -b - b + 3*b**2 + 3*b + 1 + 0*b. Determine l(-2).
11
Suppose 0*d + 16 = 8*d. Let o(w) = -3*w - 1. Calculate o(d).
-7
Let h(o) = -2*o + 2*o**2 + 5*o**3 + 5*o + 2 - 7*o**2 - 4*o**3. What is h(3)?
-7
Let v(a) be the third derivative of a**4/24 + 2*a**3/3 + 13*a**2. Suppose -4*p - 15 = 1. Let r be (p + 1)*(-4)/(-3). Determine v(r).
0
Let d(p) = -5*p**3 - p**2. Let b = 22 - 21. Determine d(b).
-6
Let l(v) = v - 7. Let x be l(9). Suppose -4*h - x = -2*h - 2*j, -9 = -3*h - j. Let c(n) = 5*n. Give c(h).
10
Let f(y) = -y**3 - y**2 + y + 15. Suppose -10 = -4*v - 2*d, v + 5*d = d + 20. Determine f(v).
15
Let f = -53 - -27. Let k(z) = 2*z - 1. Let o(u) = -9*u + 5. Let c(b) = f*k(b) - 6*o(b). Determine c(3).
2
Let p(n) = -1. Let a(l) = l - 12. Let k(s) = a(s) - 4*p(s). Let g be k(9). Let z(d) = 6*d**3 + d**2 - d + 1. Calculate z(g).
7
Let b(c) be the second derivative of 5*c**4/12 + c**3/6 + c**2 + 7*c. Let q(r) = 6*r**2 + r + 3. Let o(d) = -5*b(d) + 4*q(d). Give o(0).
2
Let c(u) be the second derivative of -1/120*u**6 + 0 - 1/2*u**2 - 1/24*u**4 - 2*u - 1/2*u**3 + 1/20*u**5. Let x(i) be the first derivative of c(i). Give x(3).
-6
Let j be ((-2)/4 - -1)*-4. Let g = -2 + 3. Let s(p) = g + p - 4*p + 4*p. What is s(j)?
-1
Let w(q) = -q - 3. Suppose -5*j - 18 = -5*s + s, 0 = -4*j - 5*s + 2. Let c be (-1 - j) + 0 + -1. Determine w(c).
-3
Let x = -12 - -8. Let w(y) = 885 + y - 446 - 438. Calculate w(x).
-3
Suppose -6*l + 10 = -4*l. Let s(w) be the first derivative of w**2 - 2*w - 6. Determine s(l).
8
Let m = -4 - -7. Let g(i) = m*i**2 - i**3 + 2*i + 0*i**3 + 0*i**2 + 1. Suppose 5*x + 12 = 4*n - 5, -1 = x. Calculate g(n).
7
Let s(x) be the first derivative of -x**6/120 + x**4/24 + x**3/3 + 5*x**2/2 - 4. Let w(a) be the second derivative of s(a). Give w(-2).
8
Let f(j) = -j**2 + 6*j + 11. Let z be ((-16)/5)/((-8)/20). Calculate f(z).
-5
Let q be (-18)/6 + 0/(-2). Let k(r) = r**2 - 2. Give k(q).
7
Let q(v) = -v**3 - 14*v**2 - 11*v + 26. Let b be q(-13). Let r(w) = w**3 + w**2 + 10. Determine r(b).
10
Suppose 0 = 4*s - 8*s + 16. Let v(i) = -i**2 + i + 4. Give v(s).
-8
Let z(j) = j**2 - 99*j - 2*j**2 + 95*j + 2*j**2. Suppose 0 = -c + 3. Determine z(c).
-3
Let s(r) = -r**3 - 2*r**2 - r. Let m = -3 + 7. Suppose -3*g + 7 - 1 = 0. Let t = g - m. Calculate s(t).
2
Suppose 4*g + q - 10 = 3*g, -q = 3*g - 24. Let n(k) = -k**2 + 8*k - 6. Give n(g).
1
Let f = -5 + 9. Let d(n) = n + 1. Let x(c) = -5*c - 5. Let u(q) = -6*q - 6. Let h(l) = -6*u(l) + 7*x(l). Let i(k) = -5*d(k) + 4*h(k). Give i(f).
-5
Let z(m) = 5*m**3 + 3*m**2 + 8*m - 8. Let w(b) = 14*b**3 + 9*b**2 + 23*b - 23. Let q(k) = -6*w(k) + 17*z(k). Let l be 6/9*(1 + 5). Determine q(l).
10
Suppose -3*x - 2*x = 15. Let q be ((-1)/(-3))/(x/45). Let o(i) = i + 1. What is o(q)?
-4
Let a(t) = 10*t + 7. Let y(v) = 5*v + 4. Let l(n) = 3*a(n) - 5*y(n). Let j be 4/14 + 46/(-14). Determine l(j).
-14
Let u(v) = v**3 - v - 7*v**2 + 3 - 1 + 2*v**2. Determine u(5).
-3
Let k(b) = -3*b - 4. Suppose -11 = 3*m - 2. Let y be -7 + 0/m - -3. Give k(y).
8
Let x(s) = -2*s - 5. Let g(m) = m + 3. Let u(i) = -8*g(i) - 5*x(i). Let t(b) = b**3 - 3*b**2 + b. Let z be t(2). Calculate u(z).
-3
Let x(d) = -d**2 - 8*d + 9. Let t(m) = -m**3 + m**2 - 2*m + 1. Let s be t(2). Give x(s).
16
Let s(g) = 4 + 40*g - 2 + g**2 - 33*g + 4. Calculate s(-7).
6
Let y(t) = t**2 + 13*t + 14. Let s be y(-12). Let j(h) be the second derivative of -h + 0 + 1/20*h**5 - 5/6*h**3 + 1/2*h**s - 1/3*h**4. Determine j(5).
1
Let a be ((-9)/(-15))/((-1)/(-5)). Suppose -h + 3 = -0, -2*h = -g - 4. Let p(t) = -2 - t - 2*t**g - t**3 + a - 2*t**2. Calculate p(-3).
-5
Let s(p) = -p - 5. Let n(z) = 2*z + 9. Let i(m) = 4*n(m) + 7*s(m). Let k(c) = -c**2 - 5*c - 3. Let x(l) = 5*i(l) + k(l). Determine x(2).
-2
Let d(f) = -3*f**2 + 7*f + 5. Let c(s) = 7*s**2 - 14*s - 11. Let i(k) = -4*c(k) - 9*d(k). Give i(-3).
11
Suppose 0 = b + s + 2, 4*b = 3*b + 3*s + 18. Let p(a) = 6*a - 4. What is p(b)?
14
Let a(t) = -2*t + 1. Let w(n) = -n + 1. Let q(i) = -4*a(i) + 7*w(i). What is q(5)?
8
Let x = -77 + 81. Let p(f) = f + 1. Give p(x).
5
Let i = 7 - 9. Let h(z) = z + 3. Let d be h(i). Let p(y) = -6*y + 1. Calculate p(d).
-5
Let n(t) be the first derivative of -t**4/24 + t**3/6 - 5*t**2/2 - 4. Let i(d) be the second derivative of n(d). What is i(-2)?
3
Let a(k) be the first derivative of 2*k**3/3 - k**2 - 2. Let h = 4 + 0. Suppose h*s + s = 10. Calculate a(s).
4
Let a(c) = c**2 - 4*c + 4. Let h(g) = 6*g - 33. Let s be h(6). Give a(s).
1
Let p be (66/(-12))/((-3)/12). Let r = p + -25. Let f(x) = x**3 + 4*x**2 + 3*x - 4. Give f(r).
-4
Let i(l) = -l + 2. Suppose 5*t - 4*j = -21 + 115, -20 = -5*j. Suppose -b - 22 = -5*z, -z - t = -3*z - 4*b. What is i(z)?
-3
Let q(o) be the third derivative of o**4/12 + 7*o**3/6 - 4*o**2. Let x be (-42)/9 - 2/6. Give q(x).
-3
Let a(b) = -15*b**3 + 16*b**3 + 11*b**2 - 4 + 4*b - 4*b**2. Calculate a(-6).
8
Suppose 4 - 8 = -4*o. Suppose o = 3*n - 17. Suppose n - 1 = -a. Let f(v) = -v**3 - 5*v**2 + v + 2. What is f(a)?
-3
Let k(x) be the second derivative of -x**6/120 + x**5/20 - x**4/12 - x**3/3 + 3*x**2/2 + 9*x. Let i(a) be the first derivative of k(a). Calculate i(3).
-8
Suppose -2*b + 2*y = 0, b + 3 + 7 = 3*y. Suppose -4*k + 2*k + r = -15, 3*k - b*r - 40 = 0. Let i(c) = c**2 - 6*c. Calculate i(k).
-5
Let h(u) be the first derivative of u**2/2 - 7*u - 1. Let x be (-4 - -7) + 1/(-1). Let n be 1*1/x*0. Determine h(n).
-7
Let w(d) = -d - d**2 + 3 - 1 - 2 + 1. Give w(2).
-5
Suppose 0 = 4*h + 11 + 5. Let g(n) = n - 2. What is g(h)?
-6
Let i(g) be the first derivative of g**5/120 - 7*g**4/24 - 5*g**3/3 + 3. Let d(l) be the third derivative of i(l). Determine d(-6).
-13
Let z(b) = 9*b**3 - 14*b**2 + 12*b + 12. Let k(p) = -4 - 2 - 32